 18 = -u. Calculate g(p).
5
Let i(n) = -n. Let o(x) = -5*x - 7*x + 5*x + 1. Let y(h) = h**3 - 3*h**2 - 7*h + 6. Let d be y(4). Let w(k) = d*i(k) + o(k). What is w(-1)?
2
Let x(o) be the third derivative of -o**6/120 - o**5/15 + o**3/3 + 2*o**2. Let p be 2/5 + (-198)/45. Determine x(p).
2
Let n(w) = w**2 + 3*w - 1. Let t be (3/(-4))/(5/(-20)). Let z(y) = t + 3 - 3 - 2 - 2*y. Let q be z(3). Calculate n(q).
9
Let i(h) be the second derivative of h + 1/12*h**4 + 1/2*h**3 + 0 - 3/2*h**2. What is i(-5)?
7
Let p(k) be the third derivative of -k**5/60 - k**4/3 - 2*k**3/3 - 7*k**2. Give p(-8).
-4
Let z be -2 + 0 + -2 + 6. Let u(f) = -f**2 - f + 2. Let v be u(z). Let m(q) = -q - 3. Determine m(v).
1
Suppose 0 = 3*u + 4*t + 9 + 4, -1 = -u - 4*t. Let i(b) = -b - 15. Give i(u).
-8
Let q(i) = -2*i**2 - 5*i + 2. Let s(t) = 3*t**2 + 5*t - 2. Let h(p) = 5*q(p) + 4*s(p). Calculate h(3).
5
Let x = -6 + 1. Let h(y) be the first derivative of -y**2/2 - y - 65. Determine h(x).
4
Let c(i) = 14*i**2 + i - 1. Suppose 3*v - 7*v + 4 = 0. What is c(v)?
14
Let w(s) = -s**3 + 1. Let k be 1 - 2*9/(-6). Suppose k*f = -f. Let y(z) = z**2 - z. Let a be y(f). Determine w(a).
1
Let l(v) = 3*v + 1. Let x(b) = 3*b + 1. Let f(o) = -5*l(o) + 4*x(o). Determine f(4).
-13
Let m = -1 + -4. Let j(d) be the third derivative of d**4/24 - d**3/3 + d**2 + 14. Determine j(m).
-7
Let t(h) = -1 - 3 + 5 - 2*h**2 + h**2 - 4*h**3. Give t(-1).
4
Let i(t) = -2*t. Let z = -6 - -8. Let f(b) = 2*b + 0*b - 1 - 1 + b**z. Let x be f(-3). Give i(x).
-2
Let v = -18 + 21. Suppose -3*w + 0*w - 3*i - 3 = 0, -v*i - 5 = 5*w. Let a(c) = 13*c**3 - c - 1. Calculate a(w).
-13
Let v(m) be the first derivative of -m - 1/2*m**2 + 3. Calculate v(1).
-2
Let v(z) be the first derivative of -4 + 2/3*z**3 - z**2 - 2*z. Determine v(2).
2
Let m(q) be the third derivative of -q**4/6 + q**3/3 - 7*q**2. Let d(w) = -w**3 + 7*w**2 + w - 9. Let y be d(7). Give m(y).
10
Let j be (-4)/22 + 506/121. Suppose -7 = -j*h + 5. Let c(u) = -u**3 + 3*u**2. Give c(h).
0
Let a(z) be the first derivative of -z**4/6 + z**3/6 - z**2 - z - 1. Let u(h) be the first derivative of a(h). Suppose 1 - 9 = -4*f. Calculate u(f).
-8
Suppose -3*g - 2*g = -30. Suppose 0*c + 4*c = -2*k + g, 5*c = -2*k + 8. Let f(x) = x**2. Give f(k).
1
Let k = -555 - -557. Let w(d) = -d - 1. Let u(n) = -n**2 + 10*n + 4. Let g(t) = u(t) + 6*w(t). Calculate g(k).
2
Suppose -u - u = -10. Let x(h) = h**3 - 4*h**2 - 4*h + 1. Calculate x(u).
6
Let r = 11 - 8. Let s(z) = -4 + 1 + 3*z - z**2 + r - 1. What is s(2)?
1
Let v(x) = -8*x**3 + 2*x**2 + 1. Let f(n) = -n**3 + n**2 + 1. Suppose 5*h = h - 8. Let r(q) = h*f(q) + v(q). What is r(-1)?
5
Let a(b) = -9*b**2. Let c be (-2)/(-10)*5 + -2. Determine a(c).
-9
Let i(y) be the third derivative of -5*y**4/24 + y**3/6 + 3*y**2. Let a(t) = 6*t. Let z(p) = -4*a(p) - 5*i(p). What is z(4)?
-1
Let m be ((-2)/4)/(1/(-16)). Let c be 18/m + (-1)/4. Let w(t) be the second derivative of t**3 - 6*t - 15. What is w(c)?
12
Let c(r) = 3*r + 3. Suppose 25 + 14 = 3*w. Let l be ((-4)/6)/((-1)/6). Suppose 3*p - l = -w. Give c(p).
-6
Let f(a) = -594 + a + 599 + 2*a. Calculate f(-5).
-10
Suppose 4 = g - 0*g. Let i(p) = p**3 - 4*p**2 - 2*p + 5. Determine i(g).
-3
Suppose 5 = -3*m + 8*m - 5*x, m + x = -3. Suppose 2*c - 4*h - 47 = -3*c, 0 = -4*c - 5*h + 13. Let j(t) = -11*t**2 - 3 + 4 + c*t**2. What is j(m)?
-3
Let q(l) = -10 + 24*l - 46*l + 23*l. Calculate q(7).
-3
Suppose 5*y - 5*f = 6*y + 9, 3*f = -y - 7. Let u(p) = p**3 + 3*p**2 - 2*p - 5. What is u(y)?
-13
Let d(c) = 3*c - 4. Let z(h) = 7*h - 8. Let f(s) = -9*d(s) + 4*z(s). Let w be -1*6*(-2)/(-3). Calculate f(w).
0
Let z(q) be the second derivative of 5*q - 1/2*q**2 + 0 - 1/2*q**3. What is z(-2)?
5
Let i = 106 + -104. Let j(g) = -3*g + 1. Calculate j(i).
-5
Suppose -88 + 16 = -4*d. Suppose 2*k + 2*x = -2*k + 18, 5*x = -k + d. Suppose 0 = k*g + 2*v - 13, -4*v = 5*g - 15 - 6. Let t(h) = -2*h + 7. Give t(g).
-3
Let m = -6 + 1. Let v(j) = j - 4. Give v(m).
-9
Suppose -4*p = -9*p - 20, 5*p = j - 23. Let w(o) = -o**2 - o + 3. Calculate w(j).
-9
Let i = 4 - 2. Suppose -6*j = -3*j. Suppose j = y + i - 0. Let h(g) = g**2 - g - 2. What is h(y)?
4
Suppose 9 - 1 = -v - 2*p, 2*v + 5*p + 17 = 0. Let h be (4 - 7)*(-14)/v. Let k(n) = -n - 1. Let r be k(h). Let j(a) = a**2 - 7*a + 7. What is j(r)?
1
Let t be ((-3)/(-360) - -4) + -4. Let c(d) be the third derivative of 2/3*d**3 + 0*d**4 + 2*d**2 + 0*d**5 + t*d**6 + 0 + 0*d. Calculate c(0).
4
Let m(y) = 3*y + 1. Suppose 5 = j - 2*n - 2*n, 4*j = -4*n. Suppose c = 3*c - l, 3*c = l + j. Determine m(c).
4
Let n = 14 + -12. Let c(v) = -v**3 + 4*v**2 + v - 2. Calculate c(n).
8
Let i(t) = t**3 - 2*t**2 - 3*t - 3. Let r be ((-18)/(-9))/(5/((-15)/(-2))). Determine i(r).
-3
Let s(x) be the first derivative of x**4/4 - 5*x**3/3 + 5*x**2/2 - 6*x - 1. Let g = 99 + -95. Give s(g).
-2
Let j(n) = 16*n**2 + n + 1. Suppose -3*p + 2 - 11 = 3*q, 5 = p - 3*q. Calculate j(p).
16
Let b(x) = 2*x + 2 + 0*x - 3 - 5*x. What is b(-3)?
8
Let l(v) = v**3 + 5*v**2 + 7*v + 6. Let t(x) = 2*x + 2. Let f be t(-4). Let p be (-2)/(-9) + f/27. Suppose p*a + 12 = -3*a. Calculate l(a).
-6
Let q be ((-6)/(-8))/((-1)/(-4)). Let m = 21 - 20. Let f(u) = 1 + u + 6*u**q + m - 7*u**3. What is f(-2)?
8
Let u(l) = l**3 - 4*l**2 - 2*l - 4. Let v be (8 + 2)*2/4. Suppose -4*g + 15 = -v. What is u(g)?
11
Suppose -8*x = -4*x. Let j = -3 - x. Let r(o) = -4*o + 6. Let n(w) = 5*w - 6. Let d(f) = -5*n(f) - 6*r(f). Give d(j).
-3
Let k(i) = -1 + 4 + i**2 - 4. Calculate k(1).
0
Let c = 34 + 11. Let g(o) = o + c + o - 52. Determine g(5).
3
Let b(p) = -p - 1. Let v = 0 - 3. Determine b(v).
2
Let w(t) be the second derivative of t**4/2 + t**3/3 + t**2/2 + 4*t. Suppose -5*d + 1 = 6. What is w(d)?
5
Let y(z) = 6*z + 2. Let x(b) = -b - 1. Let a(o) = 5*x(o) + y(o). What is a(-8)?
-11
Let z(m) = 7 - m**2 - 4 + 2*m - 1. Let v = -9 - -7. Determine z(v).
-6
Let h(b) be the third derivative of -b**4/24 + b**3/6 + 3*b**2. What is h(6)?
-5
Let g(v) = v**2 + v + 2*v - 6 + 1 - 2*v. Let x be (-4)/(-6) + (-4)/6. Calculate g(x).
-5
Let y(n) be the third derivative of n**6/360 + n**5/30 + n**4/12 + n**3/6 - n**2. Let t(b) be the first derivative of y(b). What is t(-4)?
2
Let k be (-228)/(-44) + 8/(-44). Let p(i) be the third derivative of 1/30*i**6 - 1/24*i**4 + 0 + 1/6*i**3 + 4*i**2 - 1/60*i**k + 0*i. Calculate p(1).
3
Suppose 21*u = 19*u + 6. Let p(y) = -y + 1. Determine p(u).
-2
Let f(b) = -2*b**3 + b**2 - b. Let q be (2 + 0/1)*-1. Let t be 1 - (0 - 2 - q). Calculate f(t).
-2
Let f(z) = 3*z**2. Let n be f(-1). Let t(d) = -2*d + 0*d**2 - 1 - d**2 - 7*d + n*d. Calculate t(-6).
-1
Suppose 0 = 3*o + m - 11, 5 + 0 = -5*m. Suppose -o = -4*g - 12. Let x(z) = -7*z - 1. Determine x(g).
13
Let s(i) be the third derivative of 0 + 1/12*i**4 - 1/3*i**3 + 0*i + 3*i**2. Determine s(4).
6
Let r(i) = -i**2 - 9*i + 13. Let j(q) = -q**3 - 6*q**2 - 5*q + 2. Let c be j(-4). Let y be r(c). Let f(p) = p**3 - p**2 - 3*p - 3. Give f(y).
6
Let u be (-4)/(6/(3 - 6)). Let i be (8/24)/(u/12). Suppose 0 = -i*p + 8 - 0. Let l(w) = -2*w + 2. Give l(p).
-6
Let a be 6 + (-3 + 2 - 0). Suppose -k + 2*d = 6, 15 = 5*d - 2*d. Suppose -5*f + 2*w - k*w = -31, -4*f - a*w + 35 = 0. Let h(t) = -t**2 + 4*t + 2. What is h(f)?
-3
Let c(m) be the first derivative of -m**2/2 + 6*m + 1. Let h = 2 + 1. Calculate c(h).
3
Suppose 4*w - 13 = 3. Let m(v) = 6*v**3 - 5*v**2 - 3*v + 3. Let t(o) = 7*o**3 - 5*o**2 - 4*o + 3. Let g(l) = -6*m(l) + 5*t(l). Determine g(w).
5
Suppose 0 = -3*d + r - 0 + 5, 3*d - 5*r = 25. Let k be -1*2/((-3)/3). Let t(c) = 2 + c - 5 - k*c. What is t(d)?
-3
Let j(d) = -2*d + 2*d - d. Suppose 0 - 4 = -2*z. Suppose -5*c = -0*o - 2*o, -z = -c. Determine j(o).
-5
Let j(v) = v**2 + 5*v - 3. Let i = 7 - 11. Let s be (10/i)/(2/4). Give j(s).
-3
Let w(h) be the first derivative of -h**3/3 - 4*h**2 - 6*h - 7. What is w(-4)?
10
Let x(g) = 3*g - 1. Let a = -5 - -10. Suppose -5*v - 4 = 5*w - 24, -w - 14 = -a*v. Determine x(w).
2
Let y(i) be the first derivative of i**2/2 - i + 2. Let n(r) = -4*r + 6. Let b(t) = -n(t) - 5*y(t). Give b(-2).
1
Let d = -22 - -23. Let z(p) = p**3 - 2*p**2 + p - 1. What is z(d)?
-1
Let z(d) = d**3 - 2*d**2 - d. Suppose -6*v + 3*y + 3 = -2*v, 3*v + y = 12. Calculate 